e of 16?
False
Is 400 a multiple of 25?
True
Does 128 divide 384?
True
Is 65856 a multiple of 96?
True
Does 16 divide 18376?
False
Does 81 divide 9656?
False
Does 21 divide 177?
False
Is 13286 a multiple of 26?
True
Does 15 divide 254?
False
Is 21525 a multiple of 35?
True
Does 11 divide 461?
False
Is 2009 a multiple of 6?
False
Does 276 divide 9507?
False
Is 121 a multiple of 7?
False
Is 2833 a multiple of 35?
False
Is 494 a multiple of 19?
True
Does 79 divide 2449?
True
Does 12 divide 1596?
True
Is 6 a factor of 1068?
True
Does 3 divide 47?
False
Is 1190 a multiple of 35?
True
Does 25 divide 554?
False
Is 4 a factor of 2334?
False
Does 6 divide 9804?
True
Is 4715 a multiple of 23?
True
Does 3 divide 533?
False
Is 2166 a multiple of 114?
True
Is 1380 a multiple of 4?
True
Does 26 divide 12038?
True
Is 8553 a multiple of 3?
True
Is 6 a factor of 10893?
False
Is 39 a factor of 2579?
False
Does 205 divide 15520?
False
Is 40 a factor of 11480?
True
Is 6440 a multiple of 35?
True
Does 149 divide 54832?
True
Is 1102 a multiple of 18?
False
Is 6862 a multiple of 73?
True
Is 13024 a multiple of 74?
True
Is 36 a factor of 73935?
False
Is 13 a factor of 12584?
True
Does 8 divide 1976?
True
Is 60 a multiple of 12?
True
Is 6 a factor of 372?
True
Is 15 a factor of 129375?
True
Does 41 divide 820?
True
Does 37 divide 35790?
False
Is 7378 a multiple of 17?
True
Does 8 divide 9032?
True
Does 21 divide 6384?
True
Is 11583 a multiple of 143?
True
Is 552 a multiple of 20?
False
Is 17 a factor of 102?
True
Is 893 a multiple of 47?
True
Is 4 a factor of 5152?
True
Does 25 divide 310?
False
Is 2 a factor of 1745?
False
Is 18342 a multiple of 9?
True
Is 149 a factor of 71222?
True
Does 57 divide 1710?
True
Does 11 divide 1273?
False
Is 7700 a multiple of 19?
False
Does 7 divide 1355?
False
Is 48 a factor of 4044?
False
Is 260 a multiple of 13?
True
Does 9 divide 7776?
True
Is 268 a multiple of 2?
True
Does 13 divide 10696?
False
Is 16342 a multiple of 12?
False
Does 29 divide 3496?
False
Is 14831 a multiple of 20?
False
Is 1012 a multiple of 23?
True
Does 33 divide 11187?
True
Is 39634 a multiple of 133?
True
Is 15 a factor of 324?
False
Is 5536 a multiple of 16?
True
Is 43 a factor of 15609?
True
Is 2658 a multiple of 26?
False
Does 72 divide 5112?
True
Is 7729 a multiple of 18?
False
Is 111 a factor of 8103?
True
Is 2023 a multiple of 53?
False
Does 18 divide 1479?
False
Does 19 divide 39482?
True
Is 44 a factor of 1122?
False
Is 5 a factor of 885?
True
Is 74 a factor of 1033?
False
Does 8 divide 312?
True
Is 53 a factor of 1997?
False
Does 166 divide 11620?
True
Does 5 divide 68?
False
Is 86 a factor of 946?
True
Does 87 divide 1655?
False
Is 1296 a multiple of 48?
True
Is 5193 a multiple of 3?
True
Does 3 divide 297?
True
Is 2 a factor of 157?
False
Is 1777 a multiple of 10?
False
Does 11 divide 1452?
True
Is 101 a factor of 35451?
True
Is 52 a factor of 2626?
False
Is 2384 a multiple of 105?
False
Is 4598 a multiple of 22?
True
Is 41 a factor of 10414?
True
Is 12071 a multiple of 36?
False
Is 31 a factor of 79772?
False
Is 5928 a multiple of 38?
True
Is 30 a factor of 2158?
False
Is 14 a factor of 558?
False
Is 62001 a multiple of 9?
True
Does 10 divide 801?
False
Is 5 a factor of 32950?
True
Does 11 divide 2143?
False
Is 60 even?
True
Is 1306 a multiple of 47?
False
Is 3042 a multiple of 4?
False
Is 3333 a multiple of 101?
True
Does 47 divide 2434?
False
Is 12972 a multiple of 23?
True
Is 104 a factor of 10712?
True
Is 142 a factor of 4260?
True
Is 68 a factor of 915?
False
Is 85 a factor of 1700?
True
Is 47403 a multiple of 229?
True
Is 1261 a multiple of 32?
False
Is 74 a factor of 4928?
False
Is 9114 a multiple of 16?
False
Does 165 divide 23430?
True
Does 9 divide 130?
False
Is 75 a multiple of 3?
True
Does 23 divide 584?
False
Is 164 a factor of 3444?
True
Is 198 a multiple of 81?
False
Is 4 a factor of 805?
False
Does 40 divide 4160?
True
Is 440 a multiple of 44?
True
Is 43 a factor of 4944?
False
Does 11 divide 1100?
True
Is 4307 a multiple of 59?
True
Does 54 divide 69930?
True
Is 1567 a multiple of 25?
False
Does 64 divide 5184?
True
Does 29 divide 78?
False
Is 304 a multiple of 11?
False
Is 104711 a multiple of 45?
False
Is 11 a factor of 1470?
False
Is 431 a multiple of 27?
False
Is 86315 a multiple of 92?
False
Is 88 a factor of 5368?
True
Is 19 a factor of 11913?
True
Does 35 divide 17220?
True
Does 29 divide 773?
False
Does 73 divide 3650?
True
Is 24 a factor of 47?
False
Is 41 a factor of 12669?
True
Does 10 divide 29610?
True
Does 4 divide 757?
False
Is 5148 a multiple of 55?
False
Is 1535 a multiple of 22?
False
Does 170 divide 3400?
True
Does 6 divide 24?
True
Is 34 a factor of 5326?
False
Does 158 divide 19924?
False
Is 20 a factor of 760?
True
Is 1658 a multiple of 41?
False
Is 10 a factor of 2700?
True
Does 40 divide 3040?
True
Is 11 a factor of 9658?
True
Is 66209 a multiple of 143?
True
Does 5 divide 3673?
False
Is 171 a multiple of 19?
True
Is 18 a factor of 270?
True
Does 21 divide 504?
True
Is 433 a multiple of 11?
False
Does 150 divide 27450?
True
Is 9944 a multiple of 67?
False
Does 22 divide 9597?
False
Is 2293 a multiple of 105?
False
Is 125 a factor of 111250?
True
Is 22356 a multiple of 207?
True
Is 6345 a multiple of 12?
False
Is 46 a factor of 10777?
False
Is 9 a factor of 131?
False
Does 8 divide 2375?
False
Is 840 a multiple of 30?
True
Does 38 divide 9272?
True
Is 44 a factor of 1752?
False
Does 31 divide 100090?
False
Is 17 a factor of 652?
False
Is 191 a factor of 2768?
False
Is 7 a factor of 1589?
True
Is 244 a multiple of 31?
False
Does 39 divide 3540?
False
Is 34 a factor of 374?
True
Is 7429 a multiple of 6?
False
Is 44489 a multiple of 17?
True
Is 55 a factor of 12045?
True
Is 31221 a multiple of 126?
False
Is 5910 a multiple of 5?
True
Is 5 a factor of 453?
False
Is 88 a multiple of 5?
False
Does 32 divide 320?
True
Does 3 divide 10?
False
Is 31 a factor of 8728?
False
Is 250 a factor of 9328?
False
Does 25 divide 2050?
True
Is 331 a multiple of 4?
False
Is 134 a factor of 91440?
False
Is 1259 a multiple of 88?
False
Does 74 divide 5180?
True
Does 28 divide 22973?
False
Is 23 a factor of 2283?
False
Is 51 a factor of 5049?
True
Is 285 a multiple of 3?
True
Does 48 divide 451?
False
Is 290 a multiple of 58?
True
Is 75 a factor of 26475?
True
Does 18 divide 176?
False
Is 8 a factor of 1093?
False
Does 176 divide 10269?
False
Is 4800 a multiple of 100?
True
Is 12208 a multiple of 14?
True
Is 17 a factor of 2462?
False
Does 3 divide 115?
False
Is 19 a factor of 7238?
False
Is 42878 a multiple of 44?
False
Is 65520 a multiple of 84?
True
Is 1022 a multiple of 52?
False
Is 5759 a multiple of 9?
False
Is 4221 a multiple of 7?
True
Is 36812 a multiple of 69?
False
Is 3 a factor of 5360?
False
Is 65 a multiple of 13?
True
Is 7 a factor of 13860?
True
Is 6 a factor of 6792?
True
Does 21 divide 1729?
False
Does 4 divide 1312?
True
Is 9 a factor of 1083?
False
Is 146 a factor of 37905?
False
Is 9280 a multiple of 160?
True
Is 92 a factor of 10672?
True
Is 33448 a multiple of 74?
True
Does 9 divide 1575?
True
Is 19497 a multiple of 46?
False
Does 163 divide 12535?
False
Does 4 divide 1694?
False
Is 13 a factor of 8463?
True
Does 3 divide 11243?
False
Is 5 a factor of 6569?
False
Is 589 a multiple of 40?
False
Is 7976 a multiple of 39?
False
Does 43 divide 6577?
False
Is 488 a multiple of 27?
False
Is 54004 a multiple of 23?
True
Is 19968 a multiple of 32?
True
Does 9 divide 17388?
True
Does 42 divide 4609?
False
Is 66 a multiple of 6?
True
Does 136 divide 3654?
False
Is 26 a factor of 1534?
True
Does 4 divide 309?
False
Is 56 a multiple of 4?
True
Is 16 a factor of 1296?
True
Does 117 divide 43758?
True
Is 60 a multiple of 15?
True
Is 7 a factor of 1280?
False
Is 2481 a multiple of 14?
False
Does 32 divide 108?
False
Does 50 divide 300?
True
Is 71 a factor of 1207?
True
Does 86 divide 12046?
False
Is 1131 a multiple of 12?
False
Is 17880 a multiple of 47?
False
Is 21 a factor of 676?
False
Does 21 divide 41800?
False
Is 6 a factor of 5555?
False
Is 20 a factor of 1340?
True
Is 54 a factor of 886?
False
Is 2 a factor of 149?
False
Does 90 divide 3525?
False
Is 190 a factor of 383?
False
Is 12 a factor of 1488?
True
Is 12 a